{"id":8236,"date":"2026-04-16T18:21:51","date_gmt":"2026-04-16T16:21:51","guid":{"rendered":"https:\/\/ricardterre.com\/?page_id=8236"},"modified":"2026-04-18T15:27:04","modified_gmt":"2026-04-18T13:27:04","slug":"ricard-terre-bio","status":"publish","type":"page","link":"https:\/\/ricardterre.com\/en\/ricard-terre-bio\/","title":{"rendered":"Ricard Terr\u00e9"},"content":{"rendered":"<div class=\"wpb-content-wrapper\"><div class=\"vc_row wpb_row vc_row-fluid edgtf-section vc_custom_1776518821775 edgtf-content-aligment-right edgtf-grid-section\" style=\"\"><div class=\"clearfix edgtf-section-inner\"><div class=\"edgtf-section-inner-margin clearfix\"><div class=\"wpb_column vc_column_container vc_col-sm-6\"><div class=\"vc_column-inner\"><div class=\"wpb_wrapper\">\n\t<div  class=\"wpb_single_image wpb_content_element vc_align_left wpb_content_element\">\n\t\t\n\t\t<figure class=\"wpb_wrapper vc_figure\">\n\t\t\t<div class=\"vc_single_image-wrapper   vc_box_border_grey\"><img loading=\"lazy\" decoding=\"async\" width=\"647\" height=\"1024\" src=\"https:\/\/ricardterre.com\/wp-content\/uploads\/2026\/02\/ricard-terre-3-647x1024.jpg\" class=\"vc_single_image-img attachment-large\" alt=\"\" title=\"Richard Earth\" srcset=\"https:\/\/ricardterre.com\/wp-content\/uploads\/2026\/02\/ricard-terre-3-647x1024.jpg 647w, https:\/\/ricardterre.com\/wp-content\/uploads\/2026\/02\/ricard-terre-3-190x300.jpg 190w, https:\/\/ricardterre.com\/wp-content\/uploads\/2026\/02\/ricard-terre-3-600x949.jpg 600w, https:\/\/ricardterre.com\/wp-content\/uploads\/2026\/02\/ricard-terre-3.jpg 663w\" sizes=\"auto, (max-width: 647px) 100vw, 647px\" \/><\/div>\n\t\t<\/figure>\n\t<\/div>\n<\/div><\/div><\/div><div class=\"wpb_column vc_column_container vc_col-sm-6\"><div class=\"vc_column-inner\"><div class=\"wpb_wrapper\">\n\t<div class=\"wpb_text_column wpb_content_element vc_custom_1776518696461\" >\n\t\t<div class=\"wpb_wrapper\">\n\t\t\t<h1 class=\"western\" style=\"text-align: left;\">Ricard Terr\u00e9<\/h1>\n<p>&nbsp;<\/p>\n\n\t\t<\/div>\n\t<\/div>\n\n\t<div class=\"wpb_text_column wpb_content_element vc_custom_1773427730461\" >\n\t\t<div class=\"wpb_wrapper\">\n\t\t\t<p style=\"text-align: left;\"><b>Ricard Terr\u00e9 <\/b>(Sant Boi de Llobregat, 1928 - Vigo 2009) is considered one of the most outstanding photographers of the Afal generation (1950-1960). He studied at the Escuela de Altos Estudios Mercantiles in Barcelona. He began in the art world as a painter and caricaturist. He began to practice photography as a child with rudimentary cameras, some of which he made himself. In 1955 he became a member of the Agrupaci\u00f3 Fotogr\u00e0fica de Catalunya, where he held his first exhibition with Ram\u00f3n Masats and Xavier Miserachs in 1957. Two years later they inaugurated the mythical Sala Aixel\u00e0 with the TMMII exhibition, which was to initiate the renewal of photography in Spain. In 1959 he moved to Galicia, a land that inspired him because of its intact rural world and its way of understanding religion in collective rites. Since then he has participated in many editorial and exhibition projects, both in Spain and abroad. His international projection has been growing thanks to Christian Caujolle and the Parisian agency V\u00fa\u2019. His photography, with a great thematic and formal coherence, has a character that makes it identifiable, even taking into account the diversity of series he has produced throughout his career. In 2008, a year before his death, he received the Bartolom\u00e9 Ros Prize for the best photographic career, awarded by the PhotoEspa\u00f1a photography festival.<\/p>\n<p>&nbsp;<\/p>\n\n\t\t<\/div>\n\t<\/div>\n<div class=\"vc_empty_space\"   style=\"height: 42px\"><span class=\"vc_empty_space_inner\"><\/span><\/div>\n\t<div class=\"wpb_video_widget wpb_content_element vc_clearfix   vc_video-aspect-ratio-169 vc_video-el-width-100 vc_video-align-left\" >\n\t\t<div class=\"wpb_wrapper\">\n\t\t\t\n\t\t\t<div class=\"wpb_video_wrapper\"><iframe loading=\"lazy\" title=\"Documentary interview &quot;Terr\u00e9: the photography that emerges&quot;\" width=\"500\" height=\"281\" src=\"https:\/\/www.youtube.com\/embed\/xZ3lj6CTSbk?feature=oembed\" frameborder=\"0\" allow=\"accelerometer; autoplay; clipboard-write; encrypted-media; gyroscope; picture-in-picture; web-share\" referrerpolicy=\"strict-origin-when-cross-origin\" allowfullscreen><\/iframe><\/div>\n\t\t<\/div>\n\t<\/div>\n\n\t<div class=\"wpb_text_column wpb_content_element\" >\n\t\t<div class=\"wpb_wrapper\">\n\t\t\t<pre class=\"style-scope ytd-watch-metadata\"><em>\"Terr\u00e9: the photograph that confronts you\"<\/em> <em><span class=\"yt-core-attributed-string yt-core-attributed-string--white-space-pre-wrap\" dir=\"auto\"><span class=\"yt-core-attributed-string--link-inherit-color\" dir=\"auto\">Video of the \"Terr\u00e9\" exhibition at the Sala Canal de Isabel II (from 8 September to 11 November 2018).\nScript, editing and direction: Alberto G\u00f3mez Uriol Advice: Laura Terr\u00e9\r\n<\/span><\/span><\/em><\/pre>\n\n\t\t<\/div>\n\t<\/div>\n<\/div><\/div><\/div><\/div><\/div><\/div>\n<\/div>","protected":false},"excerpt":{"rendered":"Ricard Terr\u00e9 &nbsp; Ricard Terr\u00e9 (Sant Boi de Llobregat, 1928 - Vigo 2009) est\u00e1 considerado como uno de los fot\u00f3grafos m\u00e1s destacados de la generaci\u00f3n Afal, (1950-1960). Estudi\u00f3 en la Escuela de Altos Estudios Mercantiles de Barcelona. Se inici\u00f3 en el mundo del arte como...","protected":false},"author":1,"featured_media":0,"parent":0,"menu_order":0,"comment_status":"closed","ping_status":"closed","template":"","meta":{"ngg_post_thumbnail":0,"footnotes":""},"class_list":["post-8236","page","type-page","status-publish","hentry"],"_links":{"self":[{"href":"https:\/\/ricardterre.com\/en\/wp-json\/wp\/v2\/pages\/8236","targetHints":{"allow":["GET"]}}],"collection":[{"href":"https:\/\/ricardterre.com\/en\/wp-json\/wp\/v2\/pages"}],"about":[{"href":"https:\/\/ricardterre.com\/en\/wp-json\/wp\/v2\/types\/page"}],"author":[{"embeddable":true,"href":"https:\/\/ricardterre.com\/en\/wp-json\/wp\/v2\/users\/1"}],"replies":[{"embeddable":true,"href":"https:\/\/ricardterre.com\/en\/wp-json\/wp\/v2\/comments?post=8236"}],"version-history":[{"count":7,"href":"https:\/\/ricardterre.com\/en\/wp-json\/wp\/v2\/pages\/8236\/revisions"}],"predecessor-version":[{"id":8479,"href":"https:\/\/ricardterre.com\/en\/wp-json\/wp\/v2\/pages\/8236\/revisions\/8479"}],"wp:attachment":[{"href":"https:\/\/ricardterre.com\/en\/wp-json\/wp\/v2\/media?parent=8236"}],"curies":[{"name":"wp","href":"https:\/\/api.w.org\/{rel}","templated":true}]}}

Ricard Terré

<div class="wpb-content-wrapper"><div class="vc_row wpb_row vc_row-fluid edgtf-section vc_custom_1776518821775 edgtf-content-aligment-right edgtf-grid-section" style=""><div class="clearfix edgtf-section-inner"><div class="edgtf-section-inner-margin clearfix"><div class="wpb_column vc_column_container vc_col-sm-6"><div class="vc_column-inner"><div class="wpb_wrapper">
	<div  class="wpb_single_image wpb_content_element vc_align_left wpb_content_element">
		
		<figure class="wpb_wrapper vc_figure">
			<div class="vc_single_image-wrapper   vc_box_border_grey"><img loading="lazy" decoding="async" width="647" height="1024" src="https://ricardterre.com/wp-content/uploads/2026/02/ricard-terre-3-647x1024.jpg" class="vc_single_image-img attachment-large" alt="" title="Richard Earth" srcset="https://ricardterre.com/wp-content/uploads/2026/02/ricard-terre-3-647x1024.jpg 647w, https://ricardterre.com/wp-content/uploads/2026/02/ricard-terre-3-190x300.jpg 190w, https://ricardterre.com/wp-content/uploads/2026/02/ricard-terre-3-600x949.jpg 600w, https://ricardterre.com/wp-content/uploads/2026/02/ricard-terre-3.jpg 663w" sizes="auto, (max-width: 647px) 100vw, 647px" /></div>
		</figure>
	</div>
</div></div></div><div class="wpb_column vc_column_container vc_col-sm-6"><div class="vc_column-inner"><div class="wpb_wrapper">
	<div class="wpb_text_column wpb_content_element vc_custom_1776518696461" >
		<div class="wpb_wrapper">
			<h1 class="western" style="text-align: left;">Ricard Terré</h1>
<p>&nbsp;</p>

		</div>
	</div>

	<div class="wpb_text_column wpb_content_element vc_custom_1773427730461" >
		<div class="wpb_wrapper">
			<p style="text-align: left;"><b>Ricard Terré </b>(Sant Boi de Llobregat, 1928 - Vigo 2009) is considered one of the most outstanding photographers of the Afal generation (1950-1960). He studied at the Escuela de Altos Estudios Mercantiles in Barcelona. He began in the art world as a painter and caricaturist. He began to practice photography as a child with rudimentary cameras, some of which he made himself. In 1955 he became a member of the Agrupació Fotogràfica de Catalunya, where he held his first exhibition with Ramón Masats and Xavier Miserachs in 1957. Two years later they inaugurated the mythical Sala Aixelà with the TMMII exhibition, which was to initiate the renewal of photography in Spain. In 1959 he moved to Galicia, a land that inspired him because of its intact rural world and its way of understanding religion in collective rites. Since then he has participated in many editorial and exhibition projects, both in Spain and abroad. His international projection has been growing thanks to Christian Caujolle and the Parisian agency Vú’. His photography, with a great thematic and formal coherence, has a character that makes it identifiable, even taking into account the diversity of series he has produced throughout his career. In 2008, a year before his death, he received the Bartolomé Ros Prize for the best photographic career, awarded by the PhotoEspaña photography festival.</p>
<p>&nbsp;</p>

		</div>
	</div>
<div class="vc_empty_space"   style="height: 42px"><span class="vc_empty_space_inner"></span></div>
	<div class="wpb_video_widget wpb_content_element vc_clearfix   vc_video-aspect-ratio-169 vc_video-el-width-100 vc_video-align-left" >
		<div class="wpb_wrapper">
			
			<div class="wpb_video_wrapper"><iframe loading="lazy" title="Documentary interview &quot;Terré: the photography that emerges&quot;" width="500" height="281" src="https://www.youtube.com/embed/xZ3lj6CTSbk?feature=oembed" frameborder="0" allow="accelerometer; autoplay; clipboard-write; encrypted-media; gyroscope; picture-in-picture; web-share" referrerpolicy="strict-origin-when-cross-origin" allowfullscreen></iframe></div>
		</div>
	</div>

	<div class="wpb_text_column wpb_content_element" >
		<div class="wpb_wrapper">
			<pre class="style-scope ytd-watch-metadata"><em>"Terré: the photograph that confronts you"</em> <em><span class="yt-core-attributed-string yt-core-attributed-string--white-space-pre-wrap" dir="auto"><span class="yt-core-attributed-string--link-inherit-color" dir="auto">Video of the "Terré" exhibition at the Sala Canal de Isabel II (from 8 September to 11 November 2018).
Script, editing and direction: Alberto Gómez Uriol Advice: Laura Terré
</span></span></em></pre>

		</div>
	</div>
</div></div></div></div></div></div>
</div>

Ricard Terré &nbsp; Ricard Terré (Sant Boi de Llobregat, 1928 - Vigo 2009) está considerado como uno de los fotógrafos más destacados de la generación Afal, (1950-1960). Estudió en la Escuela de Altos Estudios Mercantiles de Barcelona. Se inició en el mundo del arte como...
